1396827 prime?
True
Is 9350399 a prime number?
True
Is 60754151 a composite number?
True
Is 1436621 prime?
False
Is 21216233 a composite number?
True
Is 3804587 a prime number?
True
Is 12022523 composite?
True
Is 24340153 a composite number?
False
Is 19572683 composite?
True
Is 48345361 a composite number?
True
Is 118419151 composite?
True
Is 6820367 a composite number?
False
Is 933523 composite?
False
Is 1543631 a prime number?
True
Is 382647511 prime?
True
Is 4272311 prime?
True
Is 4568519 a composite number?
False
Is 17210087 a composite number?
False
Is 693988439 prime?
True
Is 29033969 composite?
True
Is 9907829 prime?
False
Is 1202437055 a prime number?
False
Is 2382659 a prime number?
False
Is 143840657 a composite number?
False
Is 383335723 a composite number?
False
Is 9891653 composite?
False
Is 99961 a composite number?
False
Is 580369 prime?
False
Is 555557 prime?
True
Is 1925681 composite?
False
Is 187346963 prime?
True
Is 77645551 a prime number?
False
Is 1589803 composite?
False
Is 103846427 composite?
False
Is 1070101 a composite number?
True
Is 2479753 prime?
False
Is 5501003 a composite number?
False
Is 50841803 a prime number?
True
Is 30513191 composite?
True
Is 2584403 a composite number?
False
Is 372159077 a prime number?
False
Is 7775969 a composite number?
False
Is 77595509 prime?
True
Is 612791 composite?
False
Is 33405239 composite?
True
Is 49851017 composite?
True
Is 118639393 a prime number?
True
Is 1396279 a prime number?
False
Is 18596702 a prime number?
False
Is 119998 a prime number?
False
Is 1461749 a prime number?
True
Is 8801753 a composite number?
True
Is 7473737 a prime number?
False
Is 323201 prime?
True
Is 3223621 a composite number?
False
Is 5963249 prime?
True
Is 169032137 a composite number?
False
Is 2303863 prime?
False
Is 16317667 a prime number?
True
Is 26898479 a composite number?
False
Is 5748221 a prime number?
False
Is 37333883 a prime number?
True
Is 58405663 prime?
False
Is 11788687 a prime number?
False
Is 302886307 a prime number?
False
Is 9814591 prime?
False
Is 6530617 a prime number?
True
Is 30563921 prime?
True
Is 101157401 composite?
False
Is 2917327 composite?
True
Is 10716611 a prime number?
False
Is 117702601 composite?
False
Is 91290151 composite?
True
Is 216759733 composite?
True
Is 1843901 a composite number?
False
Is 11354719 composite?
True
Is 3263189 composite?
False
Is 38102231 a composite number?
True
Is 30881 a prime number?
True
Is 187608013 prime?
True
Is 29933 a composite number?
True
Is 16197137 composite?
True
Is 78742 a composite number?
True
Is 2309206 a composite number?
True
Is 3516771 prime?
False
Is 8223653 composite?
False
Is 6941771 prime?
True
Is 549863 a composite number?
False
Is 110841739 a composite number?
True
Is 22704289 a prime number?
False
Is 3510847 a prime number?
False
Is 21643753 a prime number?
True
Is 7770586 prime?
False
Is 41305469 a composite number?
True
Is 1901842 prime?
False
Is 622739 prime?
False
Is 989041 composite?
True
Is 24887393 a composite number?
True
Is 106136231 composite?
True
Is 5339503 prime?
False
Is 1502297 prime?
True
Is 1495679 prime?
False
Is 20916699 prime?
False
Is 175060103 prime?
True
Is 52813199 composite?
True
Is 25811391 a prime number?
False
Is 9984479 composite?
False
Is 410791067 prime?
True
Is 22905482 a composite number?
True
Is 92679299 a composite number?
False
Is 85027045 composite?
True
Is 37897189 a composite number?
True
Is 1153153 composite?
False
Is 553060219 a composite number?
False
Is 17147263 a prime number?
False
Is 494246869 a prime number?
True
Is 837553 a prime number?
False
Is 4994537 a composite number?
True
Is 2221451 composite?
True
Is 98523539 prime?
True
Is 8064907 prime?
True
Is 238489059 composite?
True
Is 41376871 composite?
True
Is 2127599 composite?
True
Is 2954263 prime?
False
Is 72106777 prime?
False
Is 19753465 a prime number?
False
Is 16973 a prime number?
False
Is 86121391 prime?
True
Is 496263223 prime?
False
Is 40733839 prime?
False
Is 4305067 composite?
True
Is 197621 composite?
False
Is 100991239 a composite number?
False
Is 18515171 a composite number?
False
Is 86354 prime?
False
Is 11493253 prime?
False
Is 7355567 composite?
True
Is 815305 a prime number?
False
Is 27764201 prime?
False
Is 2343089 prime?
False
Is 76617371 composite?
False
Is 625969 a prime number?
True
Is 1693267 a prime number?
True
Is 762655 a composite number?
True
Is 64809211 prime?
True
Is 5087473 a prime number?
True
Is 15142811 a composite number?
False
Is 2282349 prime?
False
Is 62837651 prime?
False
Is 37016405 a composite number?
True
Is 6051943 prime?
False
Is 74687 prime?
True
Is 31957 prime?
True
Is 185864729 prime?
False
Is 13028747 a composite number?
True
Is 290459101 composite?
False
Is 166965917 composite?
False
Is 2189699 composite?
False
Is 3495719 a composite number?
True
Is 35198881 a composite number?
True
Is 262307029 prime?
True
Is 66566639 a composite number?
False
Is 38204017 a composite number?
True
Is 12295321 a prime number?
True
Is 691871 composite?
False
Is 399116195 a prime number?
False
Is 1013068019 prime?
False
Is 8744993 composite?
True
Is 15207937 a composite number?
False
Is 8231747 a prime number?
True
Is 83089189 composite?
False
Is 28655885 composite?
True
Is 14352221 a prime number?
False
Is 1567079 composite?
False
Is 23434373 prime?
True
Is 36733469 composite?
False
Is 82709819 a prime number?
True
Is 1745137 a prime number?
True
Is 13120467 a prime number?
False
Is 11067767 composite?
False
Is 127548391 composite?
True
Is 255409727 a prime number?
True
Is 2461135 prime?
False
Is 10924783 a prime number?
True
Is 6222743 a prime number?
True
Is 267662387 composite?
True
Is 5171351 composite?
True
Is 37746097 prime?
False
Is 22413107 composite?
False
Is 44698283 a prime number?
False
Is 5520919 a prime number?
True
Is 163691545 composite?
True
Is 39479509 a prime number?
False
Is 49261577 composite?
True
Is 1220654 prime?
False
Is 108978511 a prime number?
True
Is 21686251 a prime number?
False
Is 35170207 prime?
False
Is 128843621 composite?
False
Is 3017543 composite?
False
Is 87212819 composite?
False
Is 24556163 prime?
True
Is 3197633 prime?
True
Is 92061491 a prime number?
True
Is 21174929 prime?
True
Is 982231357 prime?
True
Is 3048337 a composite number?
False
Is 21881 prime?
True
Is 178043 a prime number?
False
Is 124532017 prime?
False
Is 3777079 a composite number?
True
Is 36595529 a composite number?
False
Is 260182226 a composite number?
True
Is 157593673 a prime number?
False
Is 32753569 a composite number?
True
Is 12542539 a composite number?
False
Is 49143121 prime?
True
Is 10040917 prime?
True
Is 676618 composite?
True
Is 159364901 a composite number?
True
Is 341940149 a prime number?
False
Is 5004637 a prime number?
False
Is 25936787 a composite number?
False
Is 241221067 prime?
True
Is 11321683 a prime number?
True
Is 222247 a composite number?
False
Is 353535119 prime?
False
Is 70494641 a composite number?
True
Is 418769 composite?
True
Is 413779 a composite number?
False
Is 13847303 composite?
False
Is 28583 composite?
True
Is 15191173 a prime number?
False
Is 1058591 a composite number?
False
Is 12413539 prime?
True
Is 60143249 a composite number?
False
Is 3339415 composite?
True
Is 414499 a prime number?
False
Is 635707 prime?
True
Is 7686083 a composite number?
False
Is 1001543 composite?
True
Is 2958821 composite?
False
Is 23780507 prime?
True
Is 1970981 composite?
True
Is 5520239 a prime number?
False
Is 7615931 a prime number?
True
Is 79196737 a prime number?
False
Is 13393349 prime?
True
Is 115972973 a composite number?
False
Is 27212639 a composite number?
False
Is 665818733 prime?
True
Is 454642691 a composite number?
False
Is 1230769 composite?
False
Is 8052007 a prime number?
True
Is 85487 a composite number?
False
Is 785245 composite?
True
Is 53909509 composite?
False
Is 791047 composite?
False
Is 878069 a composite number?
True
Is 32639 a prime number?
False
Is 176318587 a composite number?
False
Is 10895389 a composite number?
False
Is 106763639 composite?
False
Is 379058023 composite?
True
Is 86712893 composite?
False
Is 9898745 composite?
True
Is 4322107 prime?
False
Is 971573 a composite number?
True
Is 634454 a prime number